
2, 3, 101
List the prime factors of 71334.
2, 3, 1321
List the prime factors of 39241.
39241
What are the prime factors of 1393?
7, 199
List the prime factors of 3201.
3, 11, 97
List the prime factors of 1674.
2, 3, 31
List the prime factors of 769.
769
What are the prime factors of 7550?
2, 5, 151
What are the prime factors of 164?
2, 41
What are the prime factors of 549?
3, 61
What are the prime factors of 542?
2, 271
What are the prime factors of 10362?
2, 3, 11, 157
List the prime factors of 1605.
3, 5, 107
List the prime factors of 1706.
2, 853
List the prime factors of 24106.
2, 17, 709
What are the prime factors of 68153?
17, 19, 211
List the prime factors of 264.
2, 3, 11
What are the prime factors of 59394?
2, 3, 19, 521
What are the prime factors of 9664?
2, 151
What are the prime factors of 19048?
2, 2381
List the prime factors of 745.
5, 149
What are the prime factors of 699?
3, 233
List the prime factors of 1168.
2, 73
What are the prime factors of 69240?
2, 3, 5, 577
List the prime factors of 812.
2, 7, 29
What are the prime factors of 1194?
2, 3, 199
List the prime factors of 2237.
2237
List the prime factors of 7293.
3, 11, 13, 17
What are the prime factors of 11844?
2, 3, 7, 47
What are the prime factors of 1534?
2, 13, 59
What are the prime factors of 35748?
2, 3, 331
What are the prime factors of 903?
3, 7, 43
What are the prime factors of 17682?
2, 3, 7, 421
List the prime factors of 45065.
5, 9013
List the prime factors of 47674.
2, 11, 197
List the prime factors of 7955.
5, 37, 43
What are the prime factors of 751?
751
List the prime factors of 44607.
3, 14869
List the prime factors of 1446.
2, 3, 241
What are the prime factors of 5991?
3, 1997
What are the prime factors of 26073?
3, 2897
What are the prime factors of 869?
11, 79
What are the prime factors of 2910?
2, 3, 5, 97
List the prime factors of 19701.
3, 11, 199
What are the prime factors of 6376?
2, 797
List the prime factors of 633.
3, 211
List the prime factors of 7756.
2, 7, 277
What are the prime factors of 5429?
61, 89
What are the prime factors of 9922?
2, 11, 41
List the prime factors of 4019.
4019
What are the prime factors of 17635?
5, 3527
List the prime factors of 1033.
1033
List the prime factors of 106194.
2, 3, 11, 1609
What are the prime factors of 652?
2, 163
What are the prime factors of 453?
3, 151
What are the prime factors of 383?
383
List the prime factors of 14031.
3, 1559
List the prime factors of 1583.
1583
List the prime factors of 913.
11, 83
What are the prime factors of 1458?
2, 3
What are the prime factors of 67004?
2, 7, 2393
List the prime factors of 477.
3, 53
What are the prime factors of 1059?
3, 353
List the prime factors of 2357.
2357
List the prime factors of 3927.
3, 7, 11, 17
What are the prime factors of 991?
991
List the prime factors of 576.
2, 3
List the prime factors of 13284.
2, 3, 41
What are the prime factors of 11615?
5, 23, 101
List the prime factors of 74527.
74527
What are the prime factors of 73882?
2, 17, 41, 53
What are the prime factors of 44641?
44641
What are the prime factors of 12604?
2, 23, 137
What are the prime factors of 9862?
2, 4931
List the prime factors of 198.
2, 3, 11
What are the prime factors of 94672?
2, 61, 97
List the prime factors of 1825.
5, 73
What are the prime factors of 9436?
2, 7, 337
List the prime factors of 2021.
43, 47
What are the prime factors of 6355?
5, 31, 41
What are the prime factors of 58560?
2, 3, 5, 61
What are the prime factors of 3164?
2, 7, 113
What are the prime factors of 1396?
2, 349
What are the prime factors of 873?
3, 97
List the prime factors of 2450.
2, 5, 7
What are the prime factors of 1988?
2, 7, 71
List the prime factors of 3015.
3, 5, 67
List the prime factors of 2952.
2, 3, 41
List the prime factors of 2938.
2, 13, 113
What are the prime factors of 60675?
3, 5, 809
What are the prime factors of 122790?
2, 3, 5, 4093
List the prime factors of 10757.
31, 347
List the prime factors of 4980.
2, 3, 5, 83
What are the prime factors of 14167?
31, 457
What are the prime factors of 3138?
2, 3, 523
List the prime factors of 849.
3, 283
What are the prime factors of 122546?
2, 71, 863
List the prime factors of 46386.
2, 3, 859
List the prime factors of 4109.
7, 587
What are the prime factors of 352?
2, 11
List the prime factors of 16635.
3, 5, 1109
What are the prime factors of 796?
2, 199
List the prime factors of 10733.
10733
What are the prime factors of 32597?
37, 881
List the prime factors of 9646.
2, 7, 13, 53
What are the prime factors of 2482?
2, 17, 73
What are the prime factors of 34114?
2, 37, 461
What are the prime factors of 154?
2, 7, 11
What are the prime factors of 33622?
2, 16811
List the prime factors of 22455.
3, 5, 499
List the prime factors of 17550.
2, 3, 5, 13
List the prime factors of 47271.
3, 7, 2251
List the prime factors of 740.
2, 5, 37
What are the prime factors of 134?
2, 67
List the prime factors of 23509.
23509
List the prime factors of 1659.
3, 7, 79
List the prime factors of 85765.
5, 17, 1009
What are the prime factors of 1939?
7, 277
List the prime factors of 575.
5, 23
What are the prime factors of 703?
19, 37
What are the prime factors of 697?
17, 41
List the prime factors of 57774.
2, 3, 9629
What are the prime factors of 9335?
5, 1867
What are the prime factors of 134907?
3, 193, 233
What are the prime factors of 2025?
3, 5
List the prime factors of 41047.
41047
List the prime factors of 995.
5, 199
What are the prime factors of 50729?
7, 7247
What are the prime factors of 3081?
3, 13, 79
What are the prime factors of 3696?
2, 3, 7, 11
What are the prime factors of 2694?
2, 3, 449
List the prime factors of 17127.
3, 11, 173
What are the prime factors of 959?
7, 137
List the prime factors of 12101.
12101
List the prime factors of 15708.
2, 3, 7, 11, 17
List the prime factors of 886.
2, 443
What are the prime factors of 3347?
3347
List the prime factors of 115296.
2, 3, 1201
List the prime factors of 23927.
71, 337
What are the prime factors of 5738?
2, 19, 151
List the prime factors of 6644.
2, 11, 151
List the prime factors of 2838.
2, 3, 11, 43
What are the prime factors of 6585?
3, 5, 439
What are the prime factors of 4604?
2, 1151
List the prime factors of 66743.
31, 2153
List the prime factors of 1584.
2, 3, 11
What are the prime factors of 597?
3, 199
What are the prime factors of 4235?
5, 7, 11
List the prime factors of 11481.
3, 43, 89
List the prime factors of 465.
3, 5, 31
List the prime factors of 1980.
2, 3, 5, 11
What are the prime factors of 1046?
2, 523
List the prime factors of 38718.
2, 3, 239
List the prime factors of 2668.
2, 23, 29
List the prime factors of 28821.
3, 13, 739
What are the prime factors of 1474?
2, 11, 67
List the prime factors of 11188.
2, 2797
List the prime factors of 48125.
5, 7, 11
List the prime factors of 899.
29, 31
What are the prime factors of 16799?
107, 157
List the prime factors of 6180.
2, 3, 5, 103
List the prime factors of 3745.
5, 7, 107
List the prime factors of 3379.
31, 109
List the prime factors of 25032.
2, 3, 7, 149
List the prime factors of 12469.
37, 337
List the prime factors of 2131.
2131
What are the prime factors of 1065?
3, 5, 71
List the prime factors of 1577.
19, 83
What are the prime factors of 34103?
67, 509
What are the prime factors of 53261?
13, 17, 241
What are the prime factors of 23557?
23557
List the prime factors of 4293.
3, 53
What are the prime factors of 2209?
47
List the prime factors of 1236.
2, 3, 103
List the prime factors of 6682.
2, 13, 257
What are the prime factors of 872?
2, 109
What are the prime factors of 3699?
3, 137
List the prime factors of 325.
5, 13
What are the prime factors of 1731?
3, 577
What are the prime factors of 33263?
29, 31, 37
What are the prime factors of 11541?
3, 3847
What are the prime factors of 15104?
2, 59
What are the prime factors of 53070?
2, 3, 5, 29, 61
What are the prime factors of 1227?
3, 409
List the prime factors of 54733.
7, 1117
What are the prime factors of 12078?
2, 3, 11, 61
What are the prime factors of 5777?
53, 109
List the prime factors of 16735.
5, 3347
List the prime factors of 198721.
19, 10459
List the prime factors of 85.
5, 17
List the prime factors of 1658.
2, 829
What are the pr